+ 6 + 6?
3
What is (9 - 2) + (23 - 24)?
6
Evaluate 133 + -127 + 1 + -5.
2
What is -4 - ((-11 - -4) + 2)?
1
What is the value of 0 + (4 - 7 - -1) - 4?
-6
What is 11 + (-6 + 4 - 2)?
7
What is the value of -3 - ((12 - 15) + 0)?
0
6 - ((-6 - 7) + 25)
-6
Evaluate (-3 - (-7 - 3)) + -7.
0
Evaluate -3 + 7 + -4 + 2.
2
Evaluate (-1 - 0) + 2 + -2 + -1.
-2
What is 87 - 90 - (-6 + -1)?
4
Evaluate (-1 - -1) + 4 + -6 + 6.
4
Calculate -2 - 6 - -5 - -2 - -5.
4
Evaluate (-2 - (-1 - -4)) + -26 + 36.
5
(5 + -12 - -2) + (-2 - -2)
-5
What is the value of 0 + 3 - (11 - 12)?
4
What is (6 - 1 - (1 + -3)) + -3?
4
Evaluate 9 - 0 - (2 + -7 + 9).
5
Evaluate 2 + -20 + 10 - 3.
-11
Calculate 4 - (2 - 11 - -6).
7
Evaluate -1 + -13 - -9 - -8.
3
Evaluate 1 + -1 - -8 - 6.
2
What is -1 + (-55 - -57 - (-2 + 1))?
2
What is 2 - (9 - (4 + -1))?
-4
Calculate 15 + 0 + -8 + -12.
-5
What is -1 - (0 + 1 - -2)?
-4
What is -11 + 9 - (0 - 5)?
3
What is the value of -2 + (3 + -5 - 0)?
-4
Calculate -14 + (11 - (9 + -9)).
-3
What is the value of (-5 + 10 - 7) + -3?
-5
What is 3 + -7 + -10 + 11?
-3
Evaluate -2 + (-1 - (-3 + (2 - -1))).
-3
What is 1 + (2 - (3 - (-3 + 2)))?
-1
Calculate -1 - (-1 - 6) - (580 - 571).
-3
What is the value of 2 + -1 + -8 + 9?
2
What is the value of -2 + 7 + (-19 - -14)?
0
Evaluate -1 + (5 - (13 + -4)).
-5
What is -7 - (-12 + 6) - 2?
-3
What is the value of -3 - (-2 + (-2 - -2) + 3)?
-4
What is the value of 0 + -1 + (-3 - (7 + -8))?
-3
Calculate 2 - (5 + -5 - -4) - 5.
-7
What is the value of 4 + 2 + (-2 + 1 - 0)?
5
What is 6 + -19 + -1 - -7 - 1?
-8
What is -1 + (0 - 4) - -4?
-1
9 + 2 + (-8 - 6) + 8
5
Calculate (-5 - (5 - 8)) + 6.
4
Evaluate 6 + (12 - (33 - 7)).
-8
What is the value of -1 + -1 - (-4 + -1 + 7)?
-4
Calculate -16 - -14 - (0 + 1).
-3
What is -17 - ((9 - -2) + -18)?
-10
What is 4 + -6 - -3 - -5?
6
What is the value of 8 - -1 - (2 - -15)?
-8
What is the value of 3 + (-2 - -4 - 6)?
-1
1 + -3 + -3 + 13 + -4
4
(4 + -4 - 0) + 3
3
What is the value of (4 - (6 - 3 - -3)) + 7?
5
What is the value of 9 - 18 - (-2 + -17)?
10
What is -2 + 2 - (3 - (-9 + 19))?
7
Evaluate -10 + (0 - -3 - -3).
-4
Calculate -29 + 21 + (4 - 0).
-4
Calculate (0 - -2) + (-16 + 10 - -9).
5
What is the value of (11 + (-7 - -1) - 4) + 5?
6
Evaluate 13 - 15 - (1 + -4 + 0).
1
What is the value of 2 + (-1 - 4) + -2?
-5
Evaluate 1 + 0 + -1 + 0 + 5.
5
1 + (1 + 5 - 3) - 7
-3
What is (2 - 1) + (-5 - -1) + 2?
-1
(-22 + 27 - (2 - 2)) + -3
2
(3 - 7) + 4 - (0 + 1)
-1
Calculate 6 + 0 - 6 - -4.
4
What is the value of -9 - (2 - 6 - -1)?
-6
Evaluate -2 + -13 - (-9 + -1).
-5
What is (-10 - (-10 - -1)) + 0?
-1
What is the value of -8 + (2 - 0) + 5 + 10?
9
What is -6 + (-7 + 2 - -3) + 5?
-3
-1 + 4 - -3 - (1 - -2)
3
Evaluate -4 + (2 + 4 - -2).
4
Evaluate -21 + 30 + 4 - (7 + 1).
5
Calculate -1 + -4 + 2 + 6 + 3.
6
-6 - (-2 - (1 - -5))
2
What is the value of (-2 - -2) + 0 - 0 - -1?
1
What is 6 - (18 - (-1 - 3 - -9))?
-7
3 - (13 + -9 + 3)
-4
What is the value of -1 + 9 + -19 + 1?
-10
What is the value of (8 - 4) + -7 - -7?
4
What is the value of (-1 - -2) + -14 + 12 - 3?
-4
179 - 176 - (10 - -1)
-8
What is the value of (0 - -6) + (296 - 309)?
-7
What is (1 - 11) + -3 + 9?
-4
Evaluate -1 - (5 - 4 - 3).
1
6 - (-2 - (-3 - 0))
5
Calculate -2 + (-8 + 4 - 1) + 4.
-3
Evaluate -4 - (-1 - 4 - 4).
5
Evaluate -1 + 4 + -2 - (8 + -4).
-3
Calculate 8 - (2 - 0) - (1 - -1).
4
What is -1 + 2 + -1 + -3?
-3
Calculate (-5 - (0 - -3)) + (5 - 1).
-4
Evaluate (-14 - -8) + 2 + -1 + 0.
-5
What is 6 - 1 - (14 - 11)?
2
Calculate 3 + (0 - -8 - (-2 - -8)).
5
Calculate (-14 - -6) + (-1 - -5).
-4
Evaluate (12 - (16 + -10)) + 0.
6
Evaluate 2 + -6 + 6 + -2.
0
What is the value of -6 + 10 - (1 - 2)?
5
Calculate (-1 - (1 + -2)) + (118 - 117).
1
What is 3 - (-1 - -2 - (6 + -3))?
5
What is the value of 12 + -1 + 3 + (-4 - 4)?
6
1 + (8 - 5) - -1
5
Calculate 2 + -1 + (3 - (0 + 8)).
-4
Evaluate 2 + (2 - 3 - 1) + 2.
2
What is the value of 1 - (-1 + 1) - (2 + 2)?
-3
Calculate 0 + 11 + -4 + 1 + -3.
5
Calculate -4 - ((2 - 0 - 4) + 1).
-3
Evaluate 6 + (-1 - -4 - 19).
-10
Calculate (8 - 5) + (-3 - 3).
-3
-4 - (-5 - -8 - 11)
4
Calculate 4 + (4 - 8) + 1 - 1.
0
Evaluate -8 + 1 + -1 + 2 + 3.
-3
-6 - (5 + -12) - (-3 + 1)
3
What is -2 + (1 - 0) + -1?
-2
Calculate -2 + 2 + (-71 - -73).
2
What is the value of 0 + 7 + 0 + -4 + 1?
4
What is the value of (1 - 0) + (-9 - (1 + -10))?
1
What is 0 - (-4 + 5) - 1?
-2
Evaluate (7 - (2 + 2)) + 0 + -2.
1
What is the value of -4 + (4 - 1) + -21 + 17?
-5
What is 8 + -11 - (-2 - (-3 - -2))?
-2
What is 15 + -17 + 7 + -1?
4
Evaluate -1 + 13 + 5 + -8.
9
0 - -17 - 8 - 16
-7
Calculate 0 + (-6 - 8) + 7.
-7
What is the value of 48 + -51 - (2 + -4)?
-1
What is the value of -21 - (5 - (-3 + 21))?
-8
-4 + -2 + (-3 - (-5 - 2))
-2
0 + (3 - (6 - 6)) + 8
11
What is -4 - -2 - (-26 - -29)?
-5
What is the value of (-12 - -3) + 4 + 1?
-4
Evaluate (1 - 3) + 3 - (2 + -2).
1
Evaluate -2 + 5 - (-7 - -3) - 4.
3
What is the value of -3 + (-9 - -10) - (3 - 6)?
1
What is 3 - 2 - 1 - (76 - 82)?
6
What is 4 + -11 + 2 - (5 + -11)?
1
What is 0 - -1 - ((23 - 21) + -10)?
9
2 + 1 + -1 + -4 - -1
-1
Evaluate (-2 - (-3 + 3)) + -1 - -8.
5
What is 0 + (-3 - -6) + -6 - -7?
4
What is -5 - (-5 + 2 - (-18 - -16))?
-4
What is the value of -9 - -1 - (27 - 25)?
-10
What is (-1 - 0) + -15 + 13?
-3
What is (-5 - (1 + -5)) + 8 + 1?
8
What is the value of -3 + -1 + 5 - -4?
5
What is the value of 7 + (-1 + 1 - (92 - 75))?
-10
Calculate -23 + 24 - (-3 + (1 - 0)).
3
What is the value of (-1 - (10 + -21)) + -6?
4
What is (1 - -4) + -7 - (0 + -1)?
-1
What is -8 - -15 - 1 - 5?
1
2 - (-1 + -2) - (-2 - -1)
6
Evaluate (7 - (3 - -2)) + 1 + -1.
2
Evaluate (4 - 5) + -2 + 6 - 0.
3
Calculate -1 - 1 - (7 + (-9 - 1)).
1
3 - -20 - 7 - 9
7
What is the value of 0 + 2 + (-1 - 0 - 2)?
-1
Calculate -2 + (-2 - -3) + -4.
-5
Calculate -2 + (5 - (0 + 4)) - 3.
-4
7 + (-28 - -25) + (3 - 10)
-3
-12 + 0 + 16 + -3 + -7
-6
What is -2 + (4 + -3 - -3)?
2
Calculate 39 + -33 - (2 - (1 + -1)).
4
7 + -1 - 3 - (3 - -2)
-2
What is the value of (3 - (0 + -3)) + (1 - 3)?
4
-2 + 5 + -3 + 6
6
Calculate -4 + (-6 + (10 - -4) - 6).
-2
What is the value of -3 + 0 - (-4 - 3)?
4
Evaluate -3 + (-3 + -2 - (-4 + -2)).
-2
Evaluate -9 + 3 + (8 - 3).
-1
Calculate 2 - (-5 - -6) - (-2 - -1).
2
Evaluate -5 - ((-5 - 5) + 5) - 6.
-6
Evaluate (-14 - 1) + (1 + -14 - -20).
-8
9 - (-18 - -10 - -9)
8
(-1 - 5) + 7 + -3
-2
Calculate (4 + 8 - 19) + 10.
3
11 - (3 + -2 - -14)
-4
Calculate 198 - 184 - (12 - 1).
3
Calculate (-6 - -5) + -4 + 10.
5
Calculate -23 + 11 - (-19 - -10).
-3
What is -1 + 6 + (20 - 23)?
2
What is -9 + 5 + -5 + 4 + 2?
-3
What is the value of (2 + -18 - -8) + 3?
-5
(-2 + 8 - 4) + -1 + 2
3
Calculate (-4 - 5 - -6) + -2.
-5
Evaluate -4 - (0 + -7) - (-1 + 2).
2
Evaluate 3 + 1 - (2 - 8 - -5).
5
What is -26 - -23 - (0 - -1)?
-4
Evaluate -4 + (8 - -4) + 0.
8
Evaluate 1 + (-4 - 5) + 6.
-2
(1 - (2 - 1)) + 1 + -1
0
Calculate (-1 - -8) + (-1 - 1).
5
Calculate 1 + -6 - (-3 + 0).
-2
Evaluate 2 + (5 + -13 - (-5 + 0)).
-1
Calculate (0 - 2) + -41 + 49.
6
Calculate (-2 + 0 - (2 + -1)) + 3.
0
(-1 - (1 + -2 - 0)) + 0
0
Calculate (-9 - -2) + 5 + 9.
7
8 + 0 - (91 - 78)
-5
Evaluate -5 - -3 - (-9 + -3) - 1.
9
Calculate 0 + (10 - 6) - 9.
-5
Evaluate 0 + -4 - -3 - 2 - -2.
-1
(-1 - -1) + (3 - 2)
1
What is the value of (5 - 4) + -5 + (-1 - -4)?
-1
11 + (-11 - -2) + 7
9
What is -19 + 9 - (-11 - -2)?
-1
5 + 11 + (2 - 10)
8
Calculate -13 + 15 + -3 + 0 + -2.
-3
What is -10 + (7 - (-6 + 9))?
-6
Evaluate -43 + 44 + (1 - (-1 - 2)).
5
-4 - ((5 - 3) + 0 + -3)
-3
Evaluate 0 - -1 - -1 - (0 - 2).
4
What is 4 + (5 - 1) - 4?
4
-14 + 3 + (21 - 11)
-1
What is 5 - (6 + 1) - 2?
-4
Evaluate 3 - -1 - (9 - 4).
-1
What is the value of 2 + (2 - (4 + 0 + -6))?
6
What is the value of (1 - 1) + 11 + (-4 - 2)?
5
What is 1 + 0 + -65 + 64?
0
Evaluate 2 - (3 - 4) - (-2 + -3).
8
-2 + 0 + 2 + -2
-2
What is 8 + 1 + -59 + 46?
-4
What is the value of -3 + 8 + -12 + 0?
-7
1 - (-13 + 8 - -10)
-4
(0 - 2) + (-32 - -39)
5
What is the value of -5 - (-4 + 2 - (0 - 0))?
-3
0 - -2 - -4 - (2 - -1)
3
What is the value of 2 + -5 + 3 - -1?
1
Calculate (-1 - 0) + (9 - (1 - -5)).
2
-6 + 1 + 0 - (8 + -11)
-2
Evaluate 39 + -24 - (10 - 0).
5
What is the value of -2 - (2 + -2) - (14 + -12)?
-4
What is -6 + 